5 = -3*z + 3*l. List the prime factors of z.
7
Suppose 5*o - 2*y - 362 = 0, 0 = -o - 2*y - 2*y + 90. List the prime factors of o.
2, 37
Let u(d) = -6*d**3 + 7*d**2 - 3*d - 7. Let p(s) = -2*s**3 + 2*s**2 - s - 2. Let k(w) = 7*p(w) - 2*u(w). List the prime factors of k(-1).
3
Let l be 3 + -3 - (-16)/(-2). Let m = l - -13. What are the prime factors of m?
5
Let t = -3 - -1. Let q be 2/8*t*-4. Suppose -d - 20 = -3*d + 2*k, -14 = -q*d + 5*k. List the prime factors of d.
2, 3
What are the prime factors of (-31 + -2)*(-1 + 0)?
3, 11
Let p(y) = -y**2 + 8*y + 5. Let k be p(6). Let q = -5 + k. What are the prime factors of q?
2, 3
Let q = 1 + 3. Let t be q/10 - 128/(-5). Let g = -17 + t. What are the prime factors of g?
3
Let g = 9 - 5. Suppose 0*a = -g*a + 8. Suppose -5 = -q + a. List the prime factors of q.
7
Let d(w) be the second derivative of -w**5/20 - 5*w**4/12 + 2*w**3/3 - 4*w**2 - w. Suppose 3*k + 24 = 6. What are the prime factors of d(k)?
2
Let x = 4 + 5. Suppose f + x - 2 = -2*d, 5*f - 25 = 2*d. Suppose 40 = f*p + p. List the prime factors of p.
2, 5
Let p be 2 + -2 - (-31 - -2). Let y = 20 - p. List the prime factors of (42/y)/(3/(-9)).
2, 7
Let n(a) = 2*a**3 - 10*a**2 + 4*a - 27. List the prime factors of n(8).
389
What are the prime factors of ((-138)/9)/(2*2/(-18))?
3, 23
Suppose -8*l + 11*l = 168. List the prime factors of l.
2, 7
Let l(f) = -f**3 - 3. Let r be l(0). Let g be -4*(-1)/2 - -7. What are the prime factors of -3*r/g - -16?
17
Let c be (2/6)/((-2)/(-18)). Suppose -g - 48 = -4*m, 5*m - m - 40 = c*g. List the prime factors of m.
13
Suppose c + 2*t = 7*t + 3, 4*t = 2*c. Let b be -6*1/c - -3. What are the prime factors of -1*(3 - b) + 2?
5
Let g(w) = -w**3 + 4*w**2 + 6*w + 2. What are the prime factors of g(-2)?
2, 7
Let y = -4 + 7. Suppose -j - y*j = -8. Suppose 2*u = 2*w + 20, 0 = 4*u - j*w - w - 42. What are the prime factors of u?
2, 3
Let j = 13 + -7. Suppose j*v - 7*v = 3. Let h = 16 + v. List the prime factors of h.
13
Let k(d) = 4*d**2 - d + 1. Suppose 0*f = -4*f + 4. Let r be k(f). Suppose 0*j - 3*j = 5*q - 57, -3*j = -r*q + 24. What are the prime factors of q?
3
What are the prime factors of 3 - (4 - (2 - -8))?
3
Let t be 1/(2*(-3)/18). Let p = t - 0. List the prime factors of 11/2*(-1 - p).
11
Let j be 0 + 0*(-2)/(-6). Suppose j*m - 1 = m. What are the prime factors of (2/(-5))/(m/20)?
2
Let o = -376 + 646. List the prime factors of o.
2, 3, 5
Suppose 0*u + 10 = 2*u + 2*d, -2*d + 4 = 0. Suppose 5*j = -5*q + 105, -3*j = 2*j + u*q - 97. What are the prime factors of j?
17
Let k = 18 + -13. Let s = -2 + k. Suppose 5*u + 21 = s*x - 26, -5*u + 16 = 4*x. What are the prime factors of x?
3
Suppose -9 = 2*d - 41. Suppose l = y - l - d, l - 37 = -2*y. Let u = y - 1. What are the prime factors of u?
17
Suppose 0 = h + 3 + 3. Let x be h/(-6)*(-3 - -1). List the prime factors of (x/(-4))/((-4)/(-40)).
5
Let l(c) be the third derivative of -1/6*c**3 + 0 + 1/12*c**5 + 0*c + 2*c**2 - 1/12*c**4. What are the prime factors of l(-1)?
2, 3
Let v(c) = 74*c**2 + c + 1. List the prime factors of v(-1).
2, 37
Let r(m) = m - 1. What are the prime factors of r(4)?
3
Let h be (-1)/6*2*3. Let p(f) = f + f - f + 8*f**2 + 1. List the prime factors of p(h).
2
Let w = -12 - -22. Let u be (-1)/4 + w/8. Suppose 4*x + 3*r = 19, -x + 1 = -2*r - u. List the prime factors of x.
2
Let w = 2 - -3. Let l = w - 3. Suppose -3*v + 55 = l*r + 16, 2*v + 38 = 4*r. List the prime factors of r.
2, 3
Let i(m) = m**3 - 8*m**2 - m + 11. Let b be i(8). Suppose -t - 17 - b = 0. Let k = t - -33. What are the prime factors of k?
13
Suppose -5*o + 3*o - 4*d = 2, 2*d - 20 = 2*o. Let x(p) = 5*p - 2*p**2 - 16*p - 9 + p**2. What are the prime factors of x(o)?
19
List the prime factors of (21/(-2))/((-12)/16).
2, 7
Suppose 0*q + q = 13. What are the prime factors of q?
13
Suppose 4*h - 236 = -0*h. Suppose -3*j - 5*x + 2 = -j, 0 = 5*j - x - h. List the prime factors of j.
11
Suppose 0 = 2*w + 4*i + 7 + 5, -w + 3*i = 26. Let y be -2 + 18 + (-2 - 0). List the prime factors of (-4)/y + (-74)/w.
5
Let q(v) = v**2 - 3*v - 8. Let b(k) be the third derivative of k**4/24 + k**3/6 - 3*k**2. Let j(w) = -4*b(w) - q(w). List the prime factors of j(0).
2
Let g = 253 + -172. List the prime factors of g.
3
Let d(w) = -w**3 - 9*w**2 - 9*w - 4. Let c be d(-8). Let u = c - 2. List the prime factors of u.
2
Let l = 11 + -3. Suppose 2*a + 12 = 2*n, -l = -5*n - 5*a + 2. Let y = 7 + n. List the prime factors of y.
11
Suppose -4*k + 8 = 2*g, -g + 6 - 17 = -3*k. What are the prime factors of k?
3
Suppose 16 = -4*f, 4*x - 5*f - 52 = -0*f. List the prime factors of x.
2
Let u = 357 + -173. List the prime factors of u.
2, 23
Let r(x) be the second derivative of x**3/6 - 2*x**2 + x. Let a be r(4). Suppose -2 = t + t, 5*o + 3*t - 22 = a. List the prime factors of o.
5
Let h = 34 + -41. Suppose -3*c - n + 75 = 2*n, c - 19 = 5*n. Let o = c + h. What are the prime factors of o?
17
Let r = 8 + -6. Suppose 0 = -x + 2*x - r. Suppose -5*p = -3*t - 60, -30 = -p - x*t - t. List the prime factors of p.
3, 5
Let z(a) = -3*a - 1. Let o be z(-2). Suppose o*j + 7 = d + 2*d, 0 = 2*d + 5*j - 38. What are the prime factors of d?
3
Suppose m - 2*j + 204 = 5*m, 192 = 4*m - j. List the prime factors of m.
7
Let p be 1/(-5) + 84/20. Suppose -f - 6 = -p*f. Suppose 3*x + 42 = 4*c, -5*c - f*x - x = -39. What are the prime factors of c?
3
Let v(a) = -3*a**3 - 6*a**2 + a + 1. Let t(w) = -4*w**3 - 9*w**2 + w + 1. Let c(s) = -5*t(s) + 7*v(s). List the prime factors of c(3).
2
List the prime factors of ((-6)/(-4))/3*312.
2, 3, 13
Suppose 3*x - 27 = -3*v, 0 = -v - 5*x + 2*x + 17. Let d(i) = i**2 - 4*i. What are the prime factors of d(v)?
5
Suppose 4*v + v - 5 = 0. Let z = 56 + v. What are the prime factors of z?
3, 19
Suppose -6 + 12 = 3*z. Suppose 4*j - 28 = z*j. What are the prime factors of j?
2, 7
Let v = 34 - -103. What are the prime factors of v?
137
Let a = 2 + -1. Let s be (2 + 0)*(-16)/a. List the prime factors of s/(-3)*(-9)/(-6).
2
Let i(n) = -11*n - 6. Let d = 9 - 12. What are the prime factors of i(d)?
3
Let x = 22 + -3. Suppose 2*l - j - 9 = l, 0 = 3*l + 5*j - x. Let o = 0 + l. What are the prime factors of o?
2
Suppose -2*i + 12 = 32. Let w = i + 21. List the prime factors of w.
11
Suppose -3 = 3*f, 3*q - f - 307 = -3*f. List the prime factors of q.
103
List the prime factors of (-212)/(-2 + -2) - 3.
2, 5
Suppose 4*c - 7 - 5 = 0. Suppose -c*k + 18 = -6. What are the prime factors of k?
2
Let n(s) = -s**3 + 5*s**2 + 7*s - 7. Let p = -9 - -15. Let t be n(p). List the prime factors of (4 + 3)*(-2)/t.
2, 7
Let p(j) = 2*j - 7. Let b be p(6). Suppose -b*q = -20, -4*c - c - 2*q + 53 = 0. Let g = -3 + c. List the prime factors of g.
2, 3
Suppose 0 = -a - a + 104. What are the prime factors of a?
2, 13
Suppose 0*z - 3*z = 0. Suppose z = -4*s + s + 33. List the prime factors of s.
11
Let m = 20 - 12. List the prime factors of -11 + m + 28 + 0.
5
Let r(g) = 2*g - 3*g - g. Let x be r(-2). What are the prime factors of 1 + x + 0/1?
5
Suppose 3*x - 178 = -u, 0 = -4*x - 3*u - 6 + 235. List the prime factors of x.
61
Let q(c) = c - 2. Let m be q(0). List the prime factors of m/(-10) - 64/(-5).
13
Suppose -4*r = -3*j + 21, 5*r + 0*j - 2*j + 21 = 0. What are the prime factors of r/(-6) - 60/(-8)?
2
Let r = 285 + -161. Let g = -79 + r. Suppose 0 = 3*b - g + 12. List the prime factors of b.
11
Let w(k) = -k**2 - 12*k - 8. List the prime factors of w(-7).
3
Let p = 61 - -86. List the prime factors of p.
3, 7
Let u(y) = -y**2 + 8*y - 9. Let r be 4/18 + 183/27. Let l be u(r). Let f = 14 + l. List the prime factors of f.
2, 3
Let w = -12 + 36. Suppose 0*o = 3*o - w. What are the prime factors of o?
2
Let a(m) = -3 + 0*m**2 + 0 - 2*m + m**2 + 4. What are the prime factors of a(5)?
2
Let m(g) = 4*g**2 - 2*g - 1. Suppose -5*s = 3*h, -2*s - 28 = -3*s + 5*h. Let p = s + -4. List the prime factors of m(p).
5
Suppose 18*d - 108 = 14*d. What are the prime factors of d?
3
Let x = -7 + 19. List the prime factors of x.
2, 3
Let k = 438 + -165. What are the prime factors of k?
3, 7, 13
Suppose 4*y + 4*b = 104, 2*y - 4*b = -2*y + 64. Suppose y - 3 = x. Suppose 3*o + 0*o = x. What are the prime factors of o?
2, 3
Suppose 18 = 2*f + 3*k, -9*f + 16 = -5*f +